 1808054?
8
What is the hundred thousands digit of 460274?
4
What is the units digit of 2907335?
5
What is the thousands digit of 1035547?
5
What is the thousands digit of 7353040?
3
What is the hundred thousands digit of 252739?
2
What is the thousands digit of 417107?
7
What is the thousands digit of 2273885?
3
What is the ten thousands digit of 135157?
3
What is the hundred thousands digit of 3113846?
1
What is the ten thousands digit of 7356048?
5
What is the millions digit of 5007491?
5
What is the ten thousands digit of 8228316?
2
What is the tens digit of 4696093?
9
What is the hundreds digit of 178740?
7
What is the ten thousands digit of 376624?
7
What is the ten thousands digit of 50864?
5
What is the tens digit of 240647?
4
What is the hundreds digit of 1260447?
4
What is the ten thousands digit of 251920?
5
What is the ten thousands digit of 516281?
1
What is the hundreds digit of 571147?
1
What is the hundreds digit of 102508?
5
What is the ten thousands digit of 595759?
9
What is the ten thousands digit of 851364?
5
What is the units digit of 891129?
9
What is the units digit of 12275027?
7
What is the tens digit of 4834641?
4
What is the ten thousands digit of 1845173?
4
What is the units digit of 60960?
0
What is the thousands digit of 227904?
7
What is the ten thousands digit of 858765?
5
What is the hundreds digit of 1216617?
6
What is the tens digit of 7046768?
6
What is the ten thousands digit of 280253?
8
What is the hundred thousands digit of 209531?
2
What is the hundreds digit of 350020?
0
What is the ten millions digit of 34251999?
3
What is the tens digit of 1014441?
4
What is the thousands digit of 136067?
6
What is the hundred thousands digit of 7833933?
8
What is the thousands digit of 428840?
8
What is the hundred thousands digit of 3207689?
2
What is the millions digit of 11294603?
1
What is the thousands digit of 6954448?
4
What is the thousands digit of 357817?
7
What is the hundred thousands digit of 1243584?
2
What is the units digit of 1380054?
4
What is the tens digit of 5827882?
8
What is the units digit of 207128?
8
What is the hundreds digit of 258370?
3
What is the units digit of 86656?
6
What is the tens digit of 5626915?
1
What is the tens digit of 3258255?
5
What is the tens digit of 341392?
9
What is the hundred thousands digit of 12165766?
1
What is the hundreds digit of 293051?
0
What is the hundreds digit of 238509?
5
What is the ten thousands digit of 709903?
0
What is the thousands digit of 986089?
6
What is the hundred thousands digit of 763875?
7
What is the tens digit of 13310253?
5
What is the hundred thousands digit of 196583?
1
What is the units digit of 3664162?
2
What is the ten thousands digit of 244415?
4
What is the hundred thousands digit of 254936?
2
What is the millions digit of 4840847?
4
What is the tens digit of 125941?
4
What is the millions digit of 4890486?
4
What is the hundred thousands digit of 337760?
3
What is the ten millions digit of 10441417?
1
What is the units digit of 38960433?
3
What is the ten thousands digit of 312949?
1
What is the tens digit of 390786?
8
What is the units digit of 4545929?
9
What is the tens digit of 123488?
8
What is the ten thousands digit of 318666?
1
What is the units digit of 261648?
8
What is the hundreds digit of 100505?
5
What is the hundred thousands digit of 308056?
3
What is the hundred thousands digit of 4993850?
9
What is the tens digit of 15633078?
7
What is the units digit of 3637337?
7
What is the hundreds digit of 4631087?
0
What is the hundred thousands digit of 5040887?
0
What is the units digit of 1084142?
2
What is the tens digit of 231564?
6
What is the ten thousands digit of 26108?
2
What is the thousands digit of 8652573?
2
What is the ten millions digit of 17770254?
1
What is the tens digit of 486370?
7
What is the units digit of 16882678?
8
What is the ten thousands digit of 4420895?
2
What is the tens digit of 196499?
9
What is the ten thousands digit of 17925804?
2
What is the ten thousands digit of 797990?
9
What is the hundreds digit of 733342?
3
What is the hundreds digit of 7321268?
2
What is the hundreds digit of 807409?
4
What is the millions digit of 3787081?
3
What is the hundred thousands digit of 6398076?
3
What is the tens digit of 2502970?
7
What is the thousands digit of 484907?
4
What is the tens digit of 4671655?
5
What is the hundreds digit of 50488?
4
What is the hundred thousands digit of 106757?
1
What is the thousands digit of 7990781?
0
What is the hundreds digit of 6041720?
7
What is the tens digit of 538598?
9
What is the hundreds digit of 2587?
5
What is the units digit of 756222?
2
What is the hundreds digit of 1463741?
7
What is the millions digit of 7588399?
7
What is the hundreds digit of 1521625?
6
What is the hundreds digit of 220085?
0
What is the thousands digit of 585505?
5
What is the millions digit of 1656737?
1
What is the hundred thousands digit of 376198?
3
What is the hundred thousands digit of 444853?
4
What is the units digit of 1503639?
9
What is the hundred thousands digit of 426091?
4
What is the hundreds digit of 169022?
0
What is the ten thousands digit of 199542?
9
What is the hundred thousands digit of 4491045?
4
What is the hundreds digit of 20065237?
2
What is the thousands digit of 1256852?
6
What is the thousands digit of 2756576?
6
What is the thousands digit of 1216082?
6
What is the tens digit of 1429237?
3
What is the ten thousands digit of 21851080?
5
What is the units digit of 1513552?
2
What is the tens digit of 123995?
9
What is the thousands digit of 91160?
1
What is the hundred thousands digit of 1298877?
2
What is the thousands digit of 631741?
1
What is the tens digit of 15034?
3
What is the tens digit of 4536307?
0
What is the units digit of 3777936?
6
What is the ten thousands digit of 3790272?
9
What is the hundred thousands digit of 453071?
4
What is the hundreds digit of 1596011?
0
What is the hundreds digit of 726277?
2
What is the ten thousands digit of 53451?
5
What is the tens digit of 290114?
1
What is the hundreds digit of 6768289?
2
What is the hundreds digit of 371556?
5
What is the hundred thousands digit of 1134849?
1
What is the tens digit of 11748994?
9
What is the ten thousands digit of 294095?
9
What is the ten thousands digit of 16343012?
4
What is the tens digit of 5142183?
8
What is the tens digit of 3013719?
1
What is the thousands digit of 472724?
2
What is the ten thousands digit of 235092?
3
What is the units digit of 1024972?
2
What is the units digit of 262846?
6
What is the hundred thousands digit of 3470498?
4
What is the tens digit of 549826?
2
What is the tens digit of 771499?
9
What is the ten thousands digit of 165188?
6
What is the tens digit of 4911111?
1
What is the tens digit of 324209?
0
What is the hundred thousands digit of 1914145?
9
What is the ten thousands digit of 797196?
9
What is the ten thousands digit of 626690?
2
What is the millions digit of 2153046?
2
What is the units digit of 503540?
0
What is the hundreds digit of 133618?
6
What is the thousands digit of 472072?
2
What is the tens digit of 406741?
4
What is the tens digit of 208054?
5
What is the thousands digit of 353414?
3
What is the tens digit of 22479?
7
What is the thousands digit of 5680804?
0
What is the ten thousands digit of 442197?
4
What is the hundred thousands digit of 343856?
3
What is the millions digit of 12877914?
2
What is the units digit of 793241?
1
What is the hundreds digit of 69747?
7
What is the hundred thousands digit of 361826?
3
What is the hundreds digit of 567649?
6
What is the ten millions digit of 19742912?
1
What is the hundred thousands digit of 22609717?
6
What is the thousands digit of 8364?
8
What is the hundred thousands digit of 5275352?
2
What is the tens digit of 249172?
7
What is the tens digit of 201000?
0
What is the tens digit of 23310826?
2
What is the hundred thousands digit of 1317152?
3
What is the thousands digit of 151965?
1
What is the hundred thousands digit of 976002?
9
What is the tens digit of 159428?
2
What is the units digit of 7334075?
5
What is the thousands digit of 355209?
5
What is the hundred thousands digit of 533374?
5
What is the hundreds digit of 12032216?
2
What is the thous